{"id":286,"date":"2021-02-18T15:32:38","date_gmt":"2021-02-18T18:32:38","guid":{"rendered":"https:\/\/colegiocadem.com.br\/online\/?page_id=286"},"modified":"2025-06-02T12:23:30","modified_gmt":"2025-06-02T15:23:30","slug":"agenda","status":"publish","type":"page","link":"https:\/\/colegiocadem.com.br\/online\/agenda\/","title":{"rendered":"Agenda"},"content":{"rendered":"\t\t<div data-elementor-type=\"wp-page\" data-elementor-id=\"286\" class=\"elementor elementor-286\">\n\t\t\t\t\t\t<section class=\"elementor-section elementor-top-section elementor-element elementor-element-4c40979 elementor-section-boxed elementor-section-height-default elementor-section-height-default\" data-id=\"4c40979\" data-element_type=\"section\">\n\t\t\t\t\t\t<div class=\"elementor-container elementor-column-gap-default\">\n\t\t\t\t\t<div class=\"aux-parallax-section elementor-column elementor-col-33 elementor-top-column elementor-element elementor-element-cd672ce\" data-id=\"cd672ce\" data-element_type=\"column\">\n\t\t\t<div class=\"elementor-widget-wrap elementor-element-populated\">\n\t\t\t\t\t\t<div class=\"elementor-element elementor-element-57aa6bd elementor-position-top elementor-widget elementor-widget-image-box\" data-id=\"57aa6bd\" data-element_type=\"widget\" data-widget_type=\"image-box.default\">\n\t\t\t\t<div class=\"elementor-widget-container\">\n\t\t\t\t\t<div class=\"elementor-image-box-wrapper\"><figure class=\"elementor-image-box-img\"><a href=\"https:\/\/colegiocadem.com.br\/online\/cursos-tecnicos\" tabindex=\"-1\"><img fetchpriority=\"high\" decoding=\"async\" width=\"350\" height=\"243\" src=\"https:\/\/colegiocadem.com.br\/online\/wp-content\/uploads\/2021\/02\/phpI63EBg_5c700688e186e.jpg\" class=\"attachment-full size-full wp-image-236\" alt=\"\" \/><\/a><\/figure><div class=\"elementor-image-box-content\"><h4 class=\"elementor-image-box-title\"><a href=\"https:\/\/colegiocadem.com.br\/online\/cursos-tecnicos\">Cursos T\u00e9cnicos<\/a><\/h4><p class=\"elementor-image-box-description\">PROGRAMA\u00c7\u00c3O DE NOVAS TURMAS<\/p><\/div><\/div>\t\t\t\t<\/div>\n\t\t\t\t<\/div>\n\t\t\t\t\t<\/div>\n\t\t<\/div>\n\t\t\t\t<div class=\"aux-parallax-section elementor-column elementor-col-33 elementor-top-column elementor-element elementor-element-531ab60\" data-id=\"531ab60\" data-element_type=\"column\">\n\t\t\t<div class=\"elementor-widget-wrap elementor-element-populated\">\n\t\t\t\t\t\t<div class=\"elementor-element elementor-element-49ebc5e elementor-position-top elementor-widget elementor-widget-image-box\" data-id=\"49ebc5e\" data-element_type=\"widget\" data-widget_type=\"image-box.default\">\n\t\t\t\t<div class=\"elementor-widget-container\">\n\t\t\t\t\t<div class=\"elementor-image-box-wrapper\"><figure class=\"elementor-image-box-img\"><a href=\"https:\/\/colegiocadem.com.br\/online\/cursos-de-especializacao\" tabindex=\"-1\"><img decoding=\"async\" width=\"350\" height=\"243\" src=\"https:\/\/colegiocadem.com.br\/online\/wp-content\/uploads\/2021\/02\/phpgjhdqY_5c7006f6341fb.jpg\" class=\"attachment-full size-full wp-image-234\" alt=\"\" \/><\/a><\/figure><div class=\"elementor-image-box-content\"><h4 class=\"elementor-image-box-title\"><a href=\"https:\/\/colegiocadem.com.br\/online\/cursos-de-especializacao\">Cursos Especializa\u00e7\u00e3o<\/a><\/h4><p class=\"elementor-image-box-description\">PROGRAMA\u00c7\u00c3O DE NOVAS TURMAS <\/p><\/div><\/div>\t\t\t\t<\/div>\n\t\t\t\t<\/div>\n\t\t\t\t\t<\/div>\n\t\t<\/div>\n\t\t\t\t<div class=\"aux-parallax-section elementor-column elementor-col-33 elementor-top-column elementor-element elementor-element-b39a0b7\" data-id=\"b39a0b7\" data-element_type=\"column\">\n\t\t\t<div class=\"elementor-widget-wrap elementor-element-populated\">\n\t\t\t\t\t\t<div class=\"elementor-element elementor-element-c1aa1dd elementor-position-top elementor-widget elementor-widget-image-box\" data-id=\"c1aa1dd\" data-element_type=\"widget\" data-widget_type=\"image-box.default\">\n\t\t\t\t<div class=\"elementor-widget-container\">\n\t\t\t\t\t<div class=\"elementor-image-box-wrapper\"><figure class=\"elementor-image-box-img\"><a href=\"https:\/\/colegiocadem.com.br\/online\/cursos-livres\" tabindex=\"-1\"><img decoding=\"async\" width=\"350\" height=\"243\" src=\"https:\/\/colegiocadem.com.br\/online\/wp-content\/uploads\/2021\/02\/phpKUvu0u_5c7007613550e.jpg\" class=\"attachment-full size-full wp-image-237\" alt=\"\" \/><\/a><\/figure><div class=\"elementor-image-box-content\"><h4 class=\"elementor-image-box-title\"><a href=\"https:\/\/colegiocadem.com.br\/online\/cursos-livres\">Cursos Livres <\/a><\/h4><p class=\"elementor-image-box-description\">PROGRAMA\u00c7\u00c3O DE NOVAS TURMAS<\/p><\/div><\/div>\t\t\t\t<\/div>\n\t\t\t\t<\/div>\n\t\t\t\t\t<\/div>\n\t\t<\/div>\n\t\t\t\t\t<\/div>\n\t\t<\/section>\n\t\t\t\t<\/div>\n\t\t","protected":false},"excerpt":{"rendered":"<p>Cursos T\u00e9cnicos PROGRAMA\u00c7\u00c3O DE NOVAS TURMAS Cursos Especializa\u00e7\u00e3o PROGRAMA\u00c7\u00c3O DE NOVAS TURMAS Cursos Livres PROGRAMA\u00c7\u00c3O DE NOVAS TURMAS<\/p>\n","protected":false},"author":1,"featured_media":148,"parent":0,"menu_order":0,"comment_status":"closed","ping_status":"closed","template":"","meta":{"footnotes":""},"class_list":["post-286","page","type-page","status-publish","has-post-thumbnail","hentry"],"_links":{"self":[{"href":"https:\/\/colegiocadem.com.br\/online\/wp-json\/wp\/v2\/pages\/286","targetHints":{"allow":["GET"]}}],"collection":[{"href":"https:\/\/colegiocadem.com.br\/online\/wp-json\/wp\/v2\/pages"}],"about":[{"href":"https:\/\/colegiocadem.com.br\/online\/wp-json\/wp\/v2\/types\/page"}],"author":[{"embeddable":true,"href":"https:\/\/colegiocadem.com.br\/online\/wp-json\/wp\/v2\/users\/1"}],"replies":[{"embeddable":true,"href":"https:\/\/colegiocadem.com.br\/online\/wp-json\/wp\/v2\/comments?post=286"}],"version-history":[{"count":19,"href":"https:\/\/colegiocadem.com.br\/online\/wp-json\/wp\/v2\/pages\/286\/revisions"}],"predecessor-version":[{"id":427,"href":"https:\/\/colegiocadem.com.br\/online\/wp-json\/wp\/v2\/pages\/286\/revisions\/427"}],"wp:featuredmedia":[{"embeddable":true,"href":"https:\/\/colegiocadem.com.br\/online\/wp-json\/wp\/v2\/media\/148"}],"wp:attachment":[{"href":"https:\/\/colegiocadem.com.br\/online\/wp-json\/wp\/v2\/media?parent=286"}],"curies":[{"name":"wp","href":"https:\/\/api.w.org\/{rel}","templated":true}]}}