{"id":2,"date":"2021-02-12T16:55:04","date_gmt":"2021-02-12T19:55:04","guid":{"rendered":"https:\/\/colegiocadem.com.br\/online\/?page_id=2"},"modified":"2021-02-18T15:28:52","modified_gmt":"2021-02-18T18:28:52","slug":"localizacao","status":"publish","type":"page","link":"https:\/\/colegiocadem.com.br\/online\/localizacao\/","title":{"rendered":"Localiza\u00e7\u00e3o"},"content":{"rendered":"\t\t<div data-elementor-type=\"wp-page\" data-elementor-id=\"2\" class=\"elementor elementor-2\">\n\t\t\t\t\t\t<section class=\"elementor-section elementor-top-section elementor-element elementor-element-41d5a39b elementor-section-boxed elementor-section-height-default elementor-section-height-default\" data-id=\"41d5a39b\" data-element_type=\"section\">\n\t\t\t\t\t\t<div class=\"elementor-container elementor-column-gap-default\">\n\t\t\t\t\t<div class=\"aux-parallax-section elementor-column elementor-col-50 elementor-top-column elementor-element elementor-element-738330c7\" data-id=\"738330c7\" data-element_type=\"column\">\n\t\t\t<div class=\"elementor-widget-wrap elementor-element-populated\">\n\t\t\t\t\t\t<div class=\"elementor-element elementor-element-b22ec97 elementor-widget elementor-widget-text-editor\" data-id=\"b22ec97\" data-element_type=\"widget\" data-widget_type=\"text-editor.default\">\n\t\t\t\t<div class=\"elementor-widget-container\">\n\t\t\t\t\t\t\t\t\t<p><strong>Endere\u00e7o: <\/strong> Rua Bragan\u00e7a Paulista, 252 &#8211; <br \/><strong>Bairro:<\/strong> Vila Cruzeiro<br \/><strong>Cidade:<\/strong> S\u00e3o Paulo<br \/><strong>Estado:<\/strong> S\u00e3o Paulo<br \/><strong>CEP:<\/strong> 04727-000<\/p>\t\t\t\t\t\t\t\t<\/div>\n\t\t\t\t<\/div>\n\t\t\t\t\t<\/div>\n\t\t<\/div>\n\t\t\t\t<div class=\"aux-parallax-section elementor-column elementor-col-50 elementor-top-column elementor-element elementor-element-006ba24\" data-id=\"006ba24\" data-element_type=\"column\">\n\t\t\t<div class=\"elementor-widget-wrap elementor-element-populated\">\n\t\t\t\t\t\t<div class=\"elementor-element elementor-element-ee26124 elementor-widget elementor-widget-aux_gmap\" data-id=\"ee26124\" data-element_type=\"widget\" data-widget_type=\"aux_gmap.default\">\n\t\t\t\t<div class=\"elementor-widget-container\">\n\t\t\t\t\t<section class=\"widget-container aux-widget-gmaps aux-parent-au8054d396\">\n    <div class=\"aux-col-wrapper aux-no-gutter\">\n        <div id=\"aux-map69df8703ae1cf\" class=\"aux-map-wrapper \" style=\"height:700px\" ><\/div>\n\n        <script>\n            jQuery( function($) {\n                if(typeof GMaps != \"function\" || typeof google === \"undefined\"){\n                    console.info( \"Please add google map API key in theme options. https:\/\/developers.google.com\/maps\/documentation\/javascript\/\" );\n                    return;\n                }\n                var map = new GMaps({\n                    el: \"#aux-map69df8703ae1cf\",\n                    lat:  -23.641913,\n                    lng:  -46.712065,\n                    zoom: 17,\n                    scrollwheel: 0,\n                                        mapTypeId: google.maps.MapTypeId.ROADMAP,\n                                        panControl : true\n                });\n\n                                map.addStyle({\n                    styledMapName:\"Auxin custom style map\",\n                    styles: [{\"featureType\":\"landscape.man_made\",\"elementType\":\"geometry.fill\",\"stylers\":[{\"color\":\"#e9e5dc\"}]},{\"featureType\":\"landscape.natural\",\"elementType\":\"geometry.fill\",\"stylers\":[{\"visibility\":\"on\"},{\"color\":\"#b8cb93\"}]},{\"featureType\":\"poi\",\"elementType\":\"all\",\"stylers\":[{\"visibility\":\"off\"}]},{\"featureType\":\"poi.business\",\"elementType\":\"all\",\"stylers\":[{\"visibility\":\"simplified\"}]},{\"featureType\":\"poi.medical\",\"elementType\":\"all\",\"stylers\":[{\"visibility\":\"on\"}]},{\"featureType\":\"poi.park\",\"elementType\":\"all\",\"stylers\":[{\"visibility\":\"on\"}]},{\"featureType\":\"poi.park\",\"elementType\":\"geometry.fill\",\"stylers\":[{\"color\":\"#ccdca1\"}]},{\"featureType\":\"poi.sports_complex\",\"elementType\":\"all\",\"stylers\":[{\"visibility\":\"on\"}]},{\"featureType\":\"road\",\"elementType\":\"geometry.fill\",\"stylers\":[{\"hue\":\"#ff0000\"},{\"saturation\":-100},{\"lightness\":99}]},{\"featureType\":\"road\",\"elementType\":\"geometry.stroke\",\"stylers\":[{\"color\":\"#808080\"},{\"lightness\":54},{\"visibility\":\"off\"}]},{\"featureType\":\"road\",\"elementType\":\"labels.text.fill\",\"stylers\":[{\"color\":\"#767676\"}]},{\"featureType\":\"road\",\"elementType\":\"labels.text.stroke\",\"stylers\":[{\"color\":\"#ffffff\"}]},{\"featureType\":\"water\",\"elementType\":\"all\",\"stylers\":[{\"saturation\":43},{\"lightness\":-11},{\"color\":\"#89cada\"}]}],\n                    mapTypeId: \"aux_map_style\"\n                });\n\n                map.setStyle(\"aux_map_style\");\n                                map.addMarker({\n                                            infoWindow: { content: \"Col\u00e9gio Cadem\" },\n                                        lat : -23.641913,\n                    lng : -46.712065,\n                    \n                });\n           });\n\n        <\/script>\n\n    <\/div><!-- aux-col-wrapper -->\n\n<\/section><!-- widget-container -->\t\t\t\t<\/div>\n\t\t\t\t<\/div>\n\t\t\t\t\t<\/div>\n\t\t<\/div>\n\t\t\t\t\t<\/div>\n\t\t<\/section>\n\t\t\t\t<\/div>\n\t\t","protected":false},"excerpt":{"rendered":"<p>Endere\u00e7o: Rua Bragan\u00e7a Paulista, 252 &#8211; Bairro: Vila Cruzeiro Cidade: S\u00e3o Paulo Estado: S\u00e3o Paulo CEP: 04727-000<\/p>\n","protected":false},"author":1,"featured_media":148,"parent":0,"menu_order":0,"comment_status":"closed","ping_status":"open","template":"","meta":{"footnotes":""},"class_list":["post-2","page","type-page","status-publish","has-post-thumbnail","hentry"],"_links":{"self":[{"href":"https:\/\/colegiocadem.com.br\/online\/wp-json\/wp\/v2\/pages\/2","targetHints":{"allow":["GET"]}}],"collection":[{"href":"https:\/\/colegiocadem.com.br\/online\/wp-json\/wp\/v2\/pages"}],"about":[{"href":"https:\/\/colegiocadem.com.br\/online\/wp-json\/wp\/v2\/types\/page"}],"author":[{"embeddable":true,"href":"https:\/\/colegiocadem.com.br\/online\/wp-json\/wp\/v2\/users\/1"}],"replies":[{"embeddable":true,"href":"https:\/\/colegiocadem.com.br\/online\/wp-json\/wp\/v2\/comments?post=2"}],"version-history":[{"count":4,"href":"https:\/\/colegiocadem.com.br\/online\/wp-json\/wp\/v2\/pages\/2\/revisions"}],"predecessor-version":[{"id":284,"href":"https:\/\/colegiocadem.com.br\/online\/wp-json\/wp\/v2\/pages\/2\/revisions\/284"}],"wp:featuredmedia":[{"embeddable":true,"href":"https:\/\/colegiocadem.com.br\/online\/wp-json\/wp\/v2\/media\/148"}],"wp:attachment":[{"href":"https:\/\/colegiocadem.com.br\/online\/wp-json\/wp\/v2\/media?parent=2"}],"curies":[{"name":"wp","href":"https:\/\/api.w.org\/{rel}","templated":true}]}}